 = 59*w - 24. Suppose 0 = 3*g + 5 - 11. Suppose -n + 171 = g*n. Calculate the highest common divisor of n and s.
19
Suppose 3*l - 23 = 37. Let o(m) = -2*m**2 - 7*m + 7. Let r be o(-3). Calculate the highest common factor of r and l.
10
Let a be 29 - (-7 + 8 - 3). What is the greatest common factor of 1984 and a?
31
Let x(p) = -8*p**2 + 3 - 4 + 2*p + 47*p**2. Let w be x(1). Calculate the greatest common divisor of 5 and w.
5
Suppose -2*v + n + 6 = -n, 3*v + 2*n - 14 = 0. Let i = -3 + v. What is the highest common factor of 3 and i?
1
Suppose -7*a = -2*a - n - 1385, -5*n + 1079 = 4*a. What is the highest common factor of 36 and a?
12
Let l = 20 - 6. Let s = 19 - l. Suppose 2*z = s*p - 472, -5*z + 79 = p - 37. Calculate the highest common divisor of 12 and p.
12
Let d = 0 - -15. Let q be (1/2)/((-6)/12). Let x be q/(-1*(-2)/(-151 + 1)). Calculate the greatest common divisor of d and x.
15
Let h(v) = -50*v - 24. Let w be h(-6). Suppose 12*n + 0*n = w. Suppose -i + 4*z + 46 = -z, -4*i + z + 184 = 0. What is the highest common factor of n and i?
23
Suppose -3*b - 2*b + 25 = 0. Suppose 5 = b*y - 5. Let v be (-6)/(-4)*(y + 4). What is the greatest common factor of 1 and v?
1
Suppose -7*m + 2*m - 220 = 0. Let x = m - -51. What is the highest common factor of 35 and x?
7
Let w be 8/(-12)*(-525)/14. What is the highest common divisor of 1025 and w?
25
Let u(v) = 38*v**2 - 5*v + 6. Let s be u(1). Let y be (-2)/(5/(585/(-2))). Calculate the greatest common factor of y and s.
39
Let j be (-16)/(-64) + 314/(-8). Let i = j + 69. What is the greatest common factor of 12 and i?
6
Let w = -521 - -545. What is the greatest common divisor of 108 and w?
12
Suppose -134*y + 95*y = -1248. What is the highest common divisor of 20 and y?
4
Let j(m) be the first derivative of m**2/2 - 5*m - 5. Let o be j(3). Let l(q) = 3*q**2 + 1. Let z be l(o). Calculate the highest common divisor of z and 13.
13
Let c(h) = -h + 1. Let t be c(-3). Suppose b + 100 = 5*n - 41, 3*n - t*b = 71. Calculate the greatest common divisor of n and 58.
29
Let o = -2 - 9. Let m = 13 + o. Suppose 0 = 2*h + h - m*s - 32, h + 4*s = 6. Calculate the highest common divisor of 10 and h.
10
Let m(a) = -a**3 + a**2 - a - 1. Let k be m(-5). Suppose d = -s + 46, -4*d + k = -d - 5*s. Calculate the highest common factor of d and 12.
12
Suppose b = 2*b - 14. Suppose 0 = -w + 5 - 3, 0 = -p + 2*w - 193. Let f = -63 - p. What is the greatest common factor of f and b?
14
Let n be 2/(-19) - 20/(-190). Let k = n + 4. What is the greatest common factor of 4 and k?
4
Suppose 4*l + 0*l + 4*s = 20, -s = -5*l + 31. Suppose -3*q + 14 = 8. Let y be -12*1*(-9)/q. Calculate the highest common factor of l and y.
6
Suppose 5*o + x = 20, 9 = 5*o - x - 21. Suppose -4*h = -o*d + 130, 2*d + 3*h + 135 = 7*d. What is the highest common factor of d and 45?
15
Let i(s) = -s**3 + 6*s**2 + 8*s - 10. Let c be i(7). Let y(r) = 5*r**2 + 5*r + 3. Let d be y(c). Calculate the highest common factor of 297 and d.
33
Suppose 0*s = 4*s - 2*o - 496, 2*s = 3*o + 252. Let w be 41*((-2 - -9) + -6). What is the greatest common factor of w and s?
41
Let q = 29 - 9. What is the highest common divisor of q and 30?
10
Suppose 5 - 1 = h. Suppose 0 = -d - h*m + 5*m + 5, -5*d + 15 = -3*m. Suppose -3*z + 1 + 2 = d. Calculate the greatest common divisor of z and 1.
1
Let m be (1/2)/(2/8). Suppose 0*z - m = -2*z. Calculate the greatest common factor of 6 and z.
1
Let z be ((-62)/16 - 15/120)*-15. What is the highest common divisor of 492 and z?
12
Suppose 0 = -5*w - 4*a + 36, -2*a - 2 = -0*a. Calculate the greatest common factor of w and 12.
4
Let o(y) = 2*y**2 - 34*y - 10. Let l be o(20). Suppose 0 = 3*u - 0*n + 3*n - 108, -3*u - 4*n = -l. What is the greatest common factor of 136 and u?
34
Let l = 504 - 112. What is the greatest common factor of 8 and l?
8
Suppose 6*l - 2*l = 20. Suppose 4*o = 0, o = -l*t + 99 - 489. Let z be (-12)/t - (-256)/26. What is the highest common divisor of z and 80?
10
Let g(l) = -l**3 + 28*l**2 + 58*l + 84. Let z be g(30). What is the greatest common factor of 24 and z?
24
Let c = 6 - -1. Let g be (-212)/(-12) + 1/3. Suppose 0 = -2*m - s - 3, 4*s + g = -3*m + m. Calculate the greatest common factor of c and m.
1
Let p(m) = 39*m**3 - m**2 + m - 1. Let z be p(1). Suppose -i + 6 = -z. Let x = 12 + -1. Calculate the greatest common factor of i and x.
11
Let j be 190*(-6 + 39/6). What is the greatest common divisor of j and 20?
5
Let s(t) = -t + 8. Let q be s(6). Suppose z = 5*f - 19, -3*f = 3*z + z - 16. Let i = f + q. What is the greatest common divisor of 6 and i?
6
Let m be (-4)/6*6/(-4). Let y be m/7 - 52/(-28). Suppose 5*c = -4*o + 132, -y*o + 66 = -5*c + 3*c. Calculate the greatest common divisor of o and 132.
33
Let x be (-42)/(-15) - 6/(-30). Suppose o - 2 = 1. Suppose 0 = 5*s + o*y - 47, -5*s - x*y = -3*s - 26. What is the greatest common factor of s and 56?
7
Let f be 0 - 2 - 1 - 220/(-5). Suppose 2*a + 4*j = j + f, 2*j - 44 = -2*a. Suppose x - 197 - 28 = 0. Calculate the greatest common factor of a and x.
25
Let j(o) = o + 19. Let y be j(-15). Let t be -5 - ((-4)/y - 0). Let b be (0 - t)*12/16. Calculate the greatest common divisor of b and 1.
1
Suppose -3*k - 345 = -5*s, 0 = -3*s + k + 120 + 91. Let i be 50/6 - 5/15. What is the greatest common factor of i and s?
8
Let q = 24 + -22. Suppose 5*i - 2*w - 6 = 46, -32 = -3*i + q*w. What is the greatest common factor of i and 15?
5
Let x = -140 + 231. Calculate the greatest common divisor of x and 13.
13
Let z be ((-42)/(-5))/(-1 - (-185)/175). Let j = z - 90. What is the greatest common factor of j and 38?
19
Suppose 5*g + 2*r = -30, g - 4*r - 1 = 15. Let k be g/6 + (-580)/(-6). What is the greatest common factor of 16 and k?
16
Suppose -1 = -2*s + 13. Suppose 3*m = 5 + s. Calculate the highest common divisor of 10 and m.
2
Let k(p) = 5*p - 55. Let f be k(13). What is the highest common factor of f and 20?
10
Let l be 90/25 + (-3)/5. Suppose 2*d - 194 = m, l*d + 0*d = 5*m + 277. Calculate the greatest common factor of d and 11.
11
Let v be 1*(2 - -93 - 4). What is the highest common factor of 39 and v?
13
Suppose -5*c - 2*v + 16 + 48 = 0, -3*v + 61 = 5*c. Let f be ((-12)/c)/((-2)/70). Let w = -2 - -8. Calculate the highest common factor of f and w.
6
Let w be 33/(-231)*-7*23. What is the highest common divisor of 253 and w?
23
Let b = 749 - 719. Calculate the greatest common factor of 75 and b.
15
Suppose 0 = 4*l - 34 - 26. Let a = 13 - 8. Suppose -a*b + 5*f = -0*f - 30, b + 2*f = -3. Calculate the greatest common divisor of l and b.
3
Let k(j) = -j + 6. Let u be k(3). Let t be (-56)/42*(-1 - 2). Suppose 3*z + t*i = z + 20, 4*z + 2*i - 28 = 0. What is the greatest common divisor of u and z?
3
Let g(u) = u**3 + 11*u**2 + 17*u - 3. Let k be g(-9). Suppose -5*r = -k*r + 6. What is the greatest common divisor of r and 24?
6
Let m be 6*(3 + 13/(-4))*-2. Calculate the highest common factor of m and 29.
1
Let f(r) = r**2 - 7*r + 12. Let i be f(8). Suppose 5*z + 4*o = 68, -z + 2*o = z - 38. Let l be z*(-2 + 10/4). What is the greatest common divisor of i and l?
4
Let x be (2/3)/(20/270). Suppose 6*a - x*a + 792 = 0. Calculate the greatest common factor of 24 and a.
24
Let q(c) = -11*c**3 + 4*c**2 - 4. Let w be q(-3). What is the highest common divisor of w and 94?
47
Let c(y) = -y**3 - 8*y**2 + 3*y - 10. Let b be c(-9). Suppose -122 - 10 = -2*t. Calculate the greatest common divisor of b and t.
22
Let h = 35 - 22. Calculate the greatest common factor of 299 and h.
13
Let x(j) = 2*j**2 - 2*j + 10. Let c be x(-4). Calculate the greatest common factor of 75 and c.
25
Suppose -3*k + 135 = -0*c - 7*c, 0 = 2*k - c - 79. What is the greatest common divisor of 988 and k?
38
Suppose -5*l = 4*l - 72. Suppose -880 = -l*c - 8*c. What is the highest common factor of c and 5?
5
Let q = 58 - 17. Let u = 9 - -32. What is the highest common divisor of u and q?
41
Let a be 14/(-63) - (-508)/18. Let q = a - 2. Let n be -2*(-2)/(-2)*-91. Calculate the greatest common divisor of n and q.
26
Let i = -648 + 661. Calculate the greatest common divisor of i and 247.
13
Let d = -146 - -279. Let v = 64 - 26. Suppose v*h - 38 = 36*h. What is the highest common divisor of h and d?
19
Let x be ((5382/(-15))/13